495. Is y prime?
False
Suppose -g + 249 = -324. Suppose -3*m + 0*m + g = 0. Is m prime?
True
Let x(q) = 2*q - 2. Let a be x(-3). Let p = 22 - a. Let j = -16 + p. Is j prime?
False
Let z be (-45)/(-12) - 3/(-12). Suppose o - 2*u = 93 + 9, -110 = -o + z*u. Is o a prime number?
False
Let v = -703 + 1244. Suppose -3*j + 210 = -3*u + 759, -v = -3*u + 5*j. Is u a composite number?
True
Let a = 1 - 3. Let o be a + 9 + 1 + -3. Suppose 396 = 5*g + w, 2*w = o*g - w - 392. Is g composite?
False
Suppose -2*y = 4*v - 15 + 3, 3*y - 10 = -2*v. Suppose -149 = -y*p + 9. Is p a composite number?
False
Let b(v) = -4*v**2 - 4*v + 20. Let o(l) = -5*l**2 - 5*l + 19. Let n(d) = 4*b(d) - 3*o(d). Let w be n(0). Suppose -a + 12 = -w. Is a a prime number?
False
Suppose 0 = 4*g + 5*w - 651, 2*w + w - 817 = -5*g. Let h = g + -31. Is h composite?
True
Is (-4038)/(-4)*(-14)/21*-1 a prime number?
True
Suppose 14 = -a + 7. Let q(i) = i**3 + 7*i**2 - 2*i + 5. Is q(a) a composite number?
False
Let l be (-6)/(-4)*32/(-12). Let i = l - -32. Is -5 + 3 + -1 + i a prime number?
False
Suppose -4*r = -0*r + 16. Let v = -4 - r. Suppose 106 = -v*y + 2*y. Is y a composite number?
False
Suppose 3*i + 51 = 4*i + 2*h, -204 = -4*i - h. Is i prime?
False
Let i(n) = n**3 + 3*n**2 + 2*n - 2. Is i(3) composite?
True
Suppose -31 = -3*r + 20. Let o be r/3 - 5/(-15). Suppose -3*m = o - 39. Is m composite?
False
Let z = 2083 - 1388. Is z a composite number?
True
Suppose -i - 2*z - 10 = -185, 5*z = -4*i + 712. Is i prime?
False
Let f = -399 - -706. Is f composite?
False
Suppose 4*w = 3*f - 1001, -4*f + 2*w = -7*f + 989. Is f a prime number?
True
Suppose 19 + 366 = 5*u. Is u a prime number?
False
Suppose 0 = 2*b + b. Suppose p + 4*p - 2005 = b. Is p a prime number?
True
Suppose 4*y - y - 4*p = 30, p = -3*y + 45. Let n(c) = -4*c**2 - 1. Let x be n(-1). Let w = y - x. Is w a composite number?
False
Suppose -2*k + 0*k + 100 = 4*f, 2*f - 210 = -5*k. Suppose 5*w - 5*z = -40, 2*w + 2*z = -3*w - k. Let r = w - -22. Is r composite?
True
Suppose 1 = i, 27 - 7 = 4*o + 4*i. Is 230 - 2 - 1 - o a composite number?
False
Suppose h - 2*a = 315 + 322, 0 = -4*h - 3*a + 2515. Is h prime?
True
Let l = 11 + -3. Suppose -3*w - l + 89 = 0. Suppose -b - w = -112. Is b a composite number?
True
Let a(z) = -2*z**3 - 8*z**2 - 3*z + 6. Suppose 0 = -4*d, 2*k = -3*k + d - 30. Let b be a(k). Suppose -4*j + b = -212. Is j prime?
False
Let g be ((-70)/25)/((-1)/35). Suppose 103 = 3*p - g. Is p a composite number?
False
Let l(z) = 19*z**3 - 2*z**2 + 2*z - 3. Is l(2) a composite number?
True
Suppose q = -0*q + 5. Let c(k) = 254*k**2 - 3*k - 3. Let l be c(-2). Suppose -2*h - l = -5*u, -q*u - h + 72 = -941. Is u a prime number?
False
Suppose -3*w - b = w + 26, 2*w + 2*b + 16 = 0. Let z be w/(-4)*28/3. Let y = z + -7. Is y a prime number?
True
Let s(l) = 2*l**2 + 7*l + 5. Suppose 0 = b - 0 + 6. Is s(b) a prime number?
False
Let b = 24 - -19. Suppose -b = -k + 75. Is k composite?
True
Let w(o) = -24*o**2 + 4. Let q be w(4). Let y = -214 - q. Is y a prime number?
False
Let x be (-1)/(-3) + 44/(-33). Is 316/6 - x/3 a composite number?
False
Let q(s) be the third derivative of s**2 + 0 - 1/6*s**3 + 0*s - 1/24*s**4 + 1/60*s**5. Is q(4) a prime number?
True
Suppose 0 = -c - 0*c + 2. Let q be (175/c)/(-5)*-2. Let f = q - 14. Is f a composite number?
True
Let d be 33/(-22)*292/(-6). Suppose 4*c + d = 285. Is c composite?
False
Suppose -g - 2*g + 9 = 0. Suppose g*h - 4*h = -7. Suppose -2*y - 20 = -h*y. Is y prime?
False
Suppose 5*j = 6*j. Suppose j = -3*v + 387 - 48. Is v composite?
False
Suppose -3*l - 2*r = -521, 4*l - 439 = 4*r + 229. Suppose q - 5*c + 11 - 49 = 0, 0 = -3*q - 4*c + l. Is q composite?
False
Is (-8)/28 + -1*29343/(-21) a prime number?
False
Let g = 128 + -39. Is g a prime number?
True
Suppose 3*a - 7928 - 875 = -2*y, y - 14667 = -5*a. Is a a prime number?
False
Let l(m) = -3*m**2 + 2*m - 1. Suppose 2*c - 4 = 2, 3*c - 12 = -3*r. Let w be l(r). Is (4 + w)/(1/17) a composite number?
True
Let i = -449 - -1536. Is i a prime number?
True
Let x(v) = v**2 + 3*v. Let l be x(-3). Suppose 4 = -l*i + 2*i, 2*k + 5*i = 4. Is (k/6)/(1/(-6)) a composite number?
False
Suppose -114 = -2*z + q, -9*z + 5*z = -3*q - 224. Is z a composite number?
False
Let x(j) = j**3 + 4*j**2 - 2*j. Let b be x(-5). Let h = 20 - b. Is h a prime number?
False
Let y(j) = -j**3 - j**2 + j + 3. Let z be y(0). Let g(d) = -d - 4. Let a be g(-4). Suppose a = 4*f - 2*v - 80, -6*v = -z*f - v + 53. Is f prime?
False
Suppose -10 - 6 = 4*f, 5*q - 4*f = 821. Is q composite?
True
Suppose 3*m = -163 - 50. Let u = m + 198. Is u prime?
True
Suppose 0*u + 3*u = 9. Is ((-2)/6)/(u/(-477)) prime?
True
Suppose -l + 260 = w, -w - w = 5*l - 523. Is w a composite number?
True
Suppose -12*y - 5470 = -14*y. Is y prime?
False
Let d(p) = -p**3 - p**2 + 4. Let x(f) = f**3 + 2*f**2 + f - 4. Suppose -4*u + 9*u = 10. Let b(q) = u*x(q) + 3*d(q). Is b(-3) composite?
True
Suppose 4*r + 2*x = 196 - 38, x = -5*r + 190. Is r prime?
True
Let c(a) = -4*a + 4. Let q be c(-4). Suppose g - q = -g. Suppose 2*h + 12 = v + 1, -g = -2*h. Is v prime?
False
Suppose 3*i = -4*z + 65, -85 = -5*i + 3*z + 2*z. Is i a composite number?
False
Suppose -9*x = -8*x - 267. Is x prime?
False
Suppose 2*q = -2*j + 14, -5 = -4*q + 7. Let h = -9 + j. Is (-10)/25 - 17/h prime?
True
Is 306*1 + 2 + -1 a composite number?
False
Suppose 12 = 3*i - 2*i. Let l = i + -22. Let c = 3 - l. Is c a prime number?
True
Suppose 3*v = -l + 17, 3*l = v - 0*l + 11. Suppose -5*s + 5*k + 9 = 34, s - 20 = -v*k. Suppose m - 3*m + 8 = s. Is m composite?
True
Let m(n) = -4*n**3 - n**2 + 4*n - 1. Is m(-4) composite?
False
Let u = -33 + 5. Is 66/4*u/(-6) prime?
False
Let z(t) = t**2 + 8*t + 12. Let n be z(-6). Suppose 4*q - 34 - 562 = n. Is q composite?
False
Let z(n) = -n. Let a be z(3). Let j be (3 - a)*(-4)/(-6). Suppose -3*h + 22 = -j*b - 3, 3*h - 29 = 2*b. Is h a prime number?
True
Suppose -n = -2*n + 2*r - 32, -4*r = -20. Let b = 59 + n. Let w = b - 3. Is w a prime number?
False
Let f = 269 + -113. Let c = -79 + f. Is c a composite number?
True
Let f = 8 + -4. Suppose f*k = -25 + 237. Is k prime?
True
Suppose -2*m + 4*m = 10. Suppose 0*z - m*z = -565. Is z a prime number?
True
Suppose -2*f - 2*f + 4 = 0. Is (-19)/(-1) - (f - 1) a prime number?
True
Suppose 2*a = 0, -2*o - a + 2 = -4. Let i(h) = h**2 - 4*h + 4. Let g be i(o). Let f(k) = 54*k**3 + 1. Is f(g) prime?
False
Suppose -c - 2 + 309 = 0. Is c a composite number?
False
Suppose -i - l + 65 = -277, 0 = i + 4*l - 342. Suppose 3 = 3*c - i. Let u = c + -32. Is u prime?
True
Suppose -4*p + 655 = 5*s - 177, 5*p - 1049 = -4*s. Is p a composite number?
True
Let h(m) = 4*m**3 - 8*m**2 - 3*m - 4. Let j(r) = 5*r**3 - 9*r**2 - 4*r - 4. Let l(d) = 3*h(d) - 2*j(d). Is l(5) a prime number?
False
Suppose -76 = 2*r - 4*r. Let x be (-4)/((-8)/r)*-7. Is x/((-2)/(-1) + -3) a composite number?
True
Suppose 7*c - 11*c + 27628 = 0. Is c prime?
True
Let j = -370 + 1171. Suppose -2*o - j = -5*o. Is o a prime number?
False
Suppose 9*z - 1981 = 8*z. Is z a prime number?
False
Let d = -119 - -450. Is d composite?
False
Let p(v) = -9 - 4 - 3*v - 2. Let f be p(-10). Is f/2*(-1 - -3) a prime number?
False
Let t(x) = 8*x + 8 - 71*x - 8 + 10. Is t(-15) a prime number?
False
Suppose 0 = 3*i - 8*i. Suppose i = -b - 54 - 56. Let s = -59 - b. Is s a prime number?
False
Let h(n) = -19*n - 2. Is h(-3) composite?
True
Let b = 35 - 10. Is b a composite number?
True
Is (-643 - -10)/(6/(-34)) a prime number?
False
Suppose 2 + 13 = 5*h. Suppose 5*i = -3*y + 90, 0*i + h*y = -2*i + 45. Is i prime?
False
Suppose 3*i - l + 2 = 0, 5*i + 0*i = l - 2. Suppose 3 = g - 4*g, i = 3*y - g - 214. Is y a composite number?
False
Suppose -3*p + 96 = 36. Suppose -29 = -2*l - 5*v, -8*v + p = -4*v. Is l a composite number?
False
Is 2*(-4 + (-129)/(-6)) a prime number?
False
Suppose 2*x = -0*x + 8. Suppose -n + x = 4*g, 0*n - 4*n = 2*g - 2. Suppose -5*o + 39 + 216 = 5*w, n = -5*w + o + 267. Is w prime?
True
Let u(v) = v + 11. Let z be u(-8). Let a(m) = 162*m - 1. Let k(b) = 325*b - 2. Let c(y) = 13*a(y) - 6*k(y). Is c(z) prime?
True
Let m = -85 + 122. Is m a composite number?
False
Let j be -3 + -217 + 1 + 1. Let b = j - -612. Is b a composite number?
True